ded by 12.
10
Calculate the remainder when 187 is divided by ((-32)/(-128)*-222)/(1/10*-3).
2
Let m(w) = -10*w + 43. Let b(c) = 10*c - 45. Let k(i) = -7*b(i) - 6*m(i). What is the remainder when k(-13) is divided by 7?
5
Suppose -26056 = 74*d - 27018. Suppose -2*w + 174 = -0*w. Calculate the remainder when w is divided by d.
9
Suppose 10*y - 15*y - 30 = 0. Suppose -2*d + 42 = 2*v, -95 = -5*v + 5*d - 0. What is the remainder when 180/(-80)*104/y is divided by v?
19
Suppose -13 = -3*p - 1. Let v = 13 + p. Calculate the remainder when v is divided by 4.
1
Let s = 1 + 38. Let w be (-2)/(-9) + (-1963)/(-117). Let t(y) = y**3 - 18*y**2 + 16*y + 31. What is the remainder when s is divided by t(w)?
11
Calculate the remainder when (33299/568*(-12)/(-14))/((-3)/(-8)) is divided by 5.
4
Suppose 0 = n + 3*w - 109, 7*w - 46 = -n + 83. Let t(x) be the second derivative of 5*x**4/12 - x**3/3 - 2*x. Calculate the remainder when n is divided by t(2).
14
Let t(i) = i**3 - 4*i**2 + 15*i. Suppose -53 - 47 = 5*x. Let y = x + 41. Calculate the remainder when t(4) is divided by y.
18
Let f be 4*(2 - 8 - -8). Suppose 22*k - 476 = f*k. What is the remainder when 134 is divided by k?
32
Let q(z) be the first derivative of z**4/4 - 11*z**3/3 + 7*z**2 - 15*z - 111. What is the remainder when 82 is divided by q(10)?
7
Suppose 896 = -21*o + 52*o - 23*o. What is the remainder when o is divided by 102?
10
Suppose 4*h + 20*h - 806 = 730. What is the remainder when 1143 is divided by h?
55
Let h be -244 - (-7 - -3 - -5). Let l = h - -258. Calculate the remainder when 38 is divided by l.
12
Let h be (-6)/3*3/2*-4. Suppose -25*s + 21*s = -h. Calculate the remainder when 51 is divided by 2 - s - 1 - (-10 + 2).
3
Suppose i - 10 - 10 = 0. Suppose 440 = 5*h + c, 2*c + i = 5*h - 405. What is the remainder when h is divided by 13?
9
Let p(z) = -3*z - 9. Let i(b) = 10*b + 27. Let a(x) = 2*i(x) + 7*p(x). Let u be a(8). Let k = u - -27. What is the remainder when 38 is divided by k?
8
Suppose 5*z + 3*g = 5, -4*z + 7*g = 4*g - 31. Suppose 3*b = 10 + 5. Let n(a) = 2*a**3 - 9*a**2 - 2*a - 4. What is the remainder when n(b) is divided by z?
3
Suppose 0 = -4*a - 3*t + 28, 3*a - 42 = -2*t + 5*t. Suppose -5*q + d = 6*d - a, -4*q - 3*d + 9 = 0. What is the remainder when 152 is divided by q?
2
Let u(n) = -2*n. Let r be (-2)/(-6) - (-3)/(-9). Let x be u(r). What is the remainder when (1 - x)*70/2 is divided by 8?
3
Let l(i) = 234*i**2 + 201*i - 40. Calculate the remainder when l(-9) is divided by 52.
49
Suppose 39*h = 2171 + 31798. What is the remainder when h is divided by 123?
10
Let d(n) = -n**3 + 5*n**2 + 11*n - 2. Suppose -5*m = 4 - 29. What is the remainder when d(m) is divided by 14?
11
Suppose -84*n + 3159 = -45*n. Calculate the remainder when 495 is divided by n.
9
Suppose -2*o + 62*v + 104 = 64*v, 4*o - v - 178 = 0. What is the remainder when 1596 is divided by o?
32
Let q(p) = -p - 10. Let n be q(-10). Suppose n = 5*g - 4*x - 73, 76 = 5*g - 5*x + 6. Calculate the remainder when 115 is divided by g.
13
Let a = -14495 - -14506. What is the remainder when 171 is divided by a?
6
Suppose -70*f + 69*f - 5*t + 632 = 0, 2971 = 5*f - 2*t. Calculate the remainder when f is divided by 198.
3
Let m = 56 - 15. Suppose -6*b + m = 143. Let i = b + 43. What is the remainder when i is divided by 9?
8
Let l(a) = 3*a**3 - 9*a**2 + 13*a + 2. Let r be l(4). Let x = 143 - r. What is the remainder when 161 is divided by x?
38
Suppose 0 = i - 4*n - 1050, -3*n - 13 = -22. What is the remainder when i is divided by 263?
10
Suppose 5*x - 3*y = 26597, -81*x - y = -85*x + 21286. What is the remainder when x is divided by 73?
67
Suppose -w - 127 = 248*u - 251*u, 2*u - 94 = 2*w. What is the remainder when 3193 is divided by u?
33
Suppose 5*y = 4*b + 205, b + 160 = -3*b - 4*y. Let v = -31 - b. Suppose -v = 3*m - q - 39, -2*q = 2. What is the remainder when 14 is divided by m?
6
Let k be 4 + -12 + (-141)/3. Calculate the remainder when 67 is divided by 7 - 11/(k/100).
13
Suppose -4*s + 2*s = y + 343, -2*y = 3*s + 514. Let p = s - -205. Calculate the remainder when 97 is divided by p.
31
Let k(n) = -2*n - 5. Let s be k(-13). Calculate the remainder when 194 is divided by (-15)/(105/56) + s.
12
Suppose -2*j + 4*m + 6 = 8, -8*j = m - 43. What is the remainder when 487 is divided by j?
2
Let x(m) = -m**3 + m**2 - m. Let j be x(0). Suppose j = 9*y - 8 - 10. Suppose -y*d = -d - 9. Calculate the remainder when d is divided by 4.
1
Let t(q) = 2*q**2 - q - 29. Let i be t(5). Suppose -2*k + 158 = 7*m - 2*m, 4*m = i. What is the remainder when 273 is divided by k?
66
Suppose 3*u - 44 = 5*y, -25*u = -30*u + 3*y + 52. What is the remainder when 703 is divided by u?
7
Let g be (-3 - -1)/((-106)/2226). Suppose -150 = -2*y + 2*v, -g*y = -40*y - 5*v - 147. Calculate the remainder when y is divided by 26.
24
Let a(f) = 561*f - 210. What is the remainder when 660 is divided by a(1)?
309
Suppose s - 182 - 319 = -3*g, s = -5*g + 509. What is the remainder when s is divided by 123?
120
Suppose 0 = -7*l - 191 + 555. Calculate the remainder when 407 is divided by l.
43
Calculate the remainder when 992 is divided by 1 + (-28)/10*-7 - (-18)/(-30).
12
Let i be 4 + (-5 - -9) + -6. Suppose -344 = -0*d - i*d - 4*g, 4*g = 3*d - 506. What is the remainder when d is divided by 87?
83
Suppose 5 = -5*o, 100 = 4*r - 5*o - 81. What is the remainder when r is divided by 38?
6
Let y = -171 - -165. Let l(r) = -36*r - 200. Calculate the remainder when 79 is divided by l(y).
15
Let b(n) = -366*n**3 + 7*n**2 - 2*n - 9. Calculate the remainder when b(-1) is divided by 16.
14
Let o(t) = -565*t - 3296. Calculate the remainder when o(-6) is divided by 53.
41
Suppose 0*c - 5*m = -5*c + 435, -5*c + 395 = 3*m. Calculate the remainder when 82 is divided by c.
0
Suppose 14 - 23 = d + 3*s, -3*d - 4*s - 7 = 0. Suppose -4*l + 4 = -p, l + 6 = 5*p - d*p. What is the remainder when ((-34)/4)/((-2)/4) is divided by p?
1
Suppose -4 = 2*u + 4, 0 = 4*o - 2*u - 1508. What is the remainder when o is divided by 46?
7
Let q = 24337 + -24283. Calculate the remainder when 176 is divided by q.
14
What is the remainder when 394 is divided by (3/(-21) - 24/28)*13*-11?
108
What is the remainder when 119 is divided by 3 + 0 + (-2 + -67)*4/(-6)?
21
Let d(y) = 39*y + 0*y**2 - 2*y + 88 - 2*y**2 + 3*y**2 + 6*y. Calculate the remainder when d(-45) is divided by 46.
40
Let k(g) = 743*g - 4065. What is the remainder when k(6) is divided by 104?
81
Let k = 122 + -58. Suppose -32*l + 30*l + 3*d = -321, 4*d = 20. What is the remainder when l is divided by k?
40
Suppose 0 = 3*r + 51 - 411. Suppose -4*y - 4*g - 20 + r = 0, -3*g = -9. Let o = 4 - -5. What is the remainder when y is divided by o?
4
Let q(r) = -r + 2. Suppose 50*b - 2048 = -53*b - 409*b. What is the remainder when q(-15) is divided by b?
1
What is the remainder when 57/(-38)*(-980)/63*684/10 is divided by 110?
56
Let w = 26873 + -26645. What is the remainder when 1368 is divided by w?
0
Let z(n) = -10*n + 428. Calculate the remainder when z(11) is divided by 78.
6
Suppose -42*r + 1578 - 1330 = -2272. What is the remainder when 167 is divided by r?
47
Let j = 1 - -36. Let w = -21 + j. Suppose -4*h + 3*z = -277, 25 = -3*z + 8*z. What is the remainder when h is divided by w?
9
Suppose -114 = -2*w + 2*u, 0 = -w - 0*w + 5*u + 69. Suppose -5*m + w = m. Suppose 0 = -13*j + m*j + 64. Calculate the remainder when 29 is divided by j.
13
Let w = -74 - 194. Let z = 336 + w. Calculate the remainder when z is divided by 19.
11
Let v be (2/6)/(50/12 + -4). Suppose -2*t + 35 + 19 = 0. Calculate the remainder when (1/v)/(1*(-5)/(-510)) is divided by t.
24
Suppose -i - 5*i + 18 = 0. Let g(f) = -5*f**2 - 2*f - f**3 + 32*f + i - 4*f**2 - 9*f. Calculate the remainder when 95 is divided by g(-11).
11
Suppose 86*n - 9504 = -13*n. Calculate the remainder when n is divided by 46.
4
Suppose -3*f = 1 - 7, 5*q - 3826 = -3*f. Let v = q - 348. What is the remainder when v is divided by 21?
17
What is the remainder when 16 is divided by 1939*(-11)/(-2387) - (-8)/124?
7
Suppose 486 = 3*h + s, h - 3114*s + 3109*s = 210. Calculate the remainder when h is divided by 0 + 56 + 1 - 1.
53
Suppose -2*q + 1349 = -107. Suppose 3*k - 11*k = -q. Let p = 45 - 22. What is the r